{"id":2361,"date":"2025-01-15T09:12:19","date_gmt":"2025-01-15T06:12:19","guid":{"rendered":"https:\/\/esfurgida.shop\/?page_id=2361"},"modified":"2025-01-15T09:12:20","modified_gmt":"2025-01-15T06:12:20","slug":"kvkk","status":"publish","type":"page","link":"https:\/\/esfurgida.shop\/?page_id=2361","title":{"rendered":"KVKK"},"content":{"rendered":"<h3 class=\"wp-block-heading\">KVKK Ayd\u0131nlatma Metni<\/h3><p><strong>1.G\u0130R\u0130\u015e<\/strong><\/p><p>\u0130\u015fbu ayd\u0131nlatma metni, 6698 say\u0131l\u0131 Ki\u015fisel Verilerin Korunmas\u0131 Kanununun (\u201cKanun\u201d) 10. maddesi uyar\u0131nca, T.C. K\u00dcLT\u00dcR VE TUR\u0130ZM BAKANLI\u011eI (\u201cVER\u0130 SORUMLUSU\u201d) t\u00fczel ki\u015fili\u011fi, ilgili m\u00fcd\u00fcrl\u00fck ve birimleri ve hizmet merkezlerinde toplanan ki\u015fisel verilerin i\u015flenmesine ili\u015fkin ilgili ki\u015filerin ayd\u0131nlat\u0131lmas\u0131 amac\u0131 ile haz\u0131rlanm\u0131\u015ft\u0131r.&nbsp;<\/p><p>VER\u0130 SORUMLUSU, ki\u015fisel verilerin i\u015flenmesi, korunmas\u0131 ve g\u00fcvenli\u011fi hususuna azami hassasiyet ve gayret g\u00f6stermektedir.<\/p><p>Ki\u015fisel veriler VER\u0130 SORUMLUSU taraf\u0131ndan her t\u00fcrl\u00fc i\u015fitsel, yaz\u0131l\u0131, g\u00f6rsel ya da elektronik y\u00f6ntemlerle toplanabilecektir.<\/p><p>Bu kapsamda ve Kanun gere\u011fince ilgili ki\u015filerin ki\u015fisel verileri VER\u0130 SORUMLUSU taraf\u0131ndan Kanunda say\u0131lan genel ilkeler do\u011frultusunda ger\u00e7ekle\u015ftirilmesi gereken i\u015f ve i\u015flemler i\u00e7in Veri Sorumlusu s\u0131fat\u0131yla i\u015flenebilecektir.<\/p><p><strong>2.K\u0130\u015e\u0130SEL VER\u0130LER\u0130N \u0130\u015eLENME AMACI<\/strong><\/p><p>Ki\u015fisel veriler, Kanun\u2019un 5. ve 6. maddelerinde belirtilen ki\u015fisel veri i\u015fleme \u015fartlar\u0131 ile Kanun\u2019da belirtilen ama\u00e7lar \u00e7er\u00e7evesinde ve s\u0131n\u0131rl\u0131 olmamak kayd\u0131yla a\u015fa\u011f\u0131da belirtilen ama\u00e7larla i\u015flenmektedir. Buna g\u00f6re ki\u015fisel verilerin i\u015flenme amac\u0131;<\/p><ol class=\"wp-block-list\"><li>VER\u0130 SORUMLUSU \u2018un ilgili mevzuatlar \u00e7er\u00e7evesinde y\u00fck\u00fcml\u00fc oldu\u011fu i\u015f ve i\u015flemleri y\u00fcr\u00fctebilmesi, vazife ve sorumluluklar\u0131 \u00e7er\u00e7evesinde kamu hizmetini ifa etmesi,<\/li>\n\n<li>VER\u0130 SORUMLUSU taraf\u0131ndan sunulan hizmetlerden maksimum faydan\u0131n sa\u011flanmas\u0131 i\u00e7in gerekli \u00e7al\u0131\u015fmalar\u0131n yap\u0131lmas\u0131,<\/li>\n\n<li>VER\u0130 SORUMLUSU \u2018un ve payda\u015flar\u0131n hukuki y\u00fck\u00fcml\u00fcl\u00fcklerinin ve hizmet g\u00fcvenli\u011finin sa\u011flanmas\u0131,<\/li>\n\n<li>VER\u0130 SORUMLUSU \u2019un hizmetlerinin ve stratejilerinin s\u00fcrd\u00fcr\u00fclmesi,<\/li>\n\n<li>VER\u0130 SORUMLUSU\u2019na haklar, vazifeler, i\u015f ve i\u015flemler y\u00fckleyen kanunlar ve ilgili mevzuatlar uyar\u0131nca sorumluluklar\u0131n\u0131 ifa etme,<\/li>\n\n<li>VER\u0130 SORUMLUSU\u2019nun insan kaynaklar\u0131 ve istihdam politikalar\u0131n\u0131n y\u00f6netilmesi<\/li>\n\n<li>K\u00fclt\u00fcr Varl\u0131klar\u0131n\u0131n korunmas\u0131 i\u015flemlerinin y\u00fcr\u00fct\u00fclmesi<\/li>\n\n<li>K\u00fct\u00fcphanecilik faaliyetlerinin y\u00fcr\u00fct\u00fclmesi<\/li>\n\n<li>Destek, hibe, te\u015fvik vb. i\u015flemlerin ger\u00e7ekle\u015ftirilmesi<\/li>\n\n<li>M\u00fczelere ili\u015fkin i\u015flemlerin ger\u00e7ekle\u015ftirilmesi<\/li>\n\n<li>Avrupa ve d\u0131\u015f ili\u015fkilerin y\u00f6netilmesi<\/li>\n\n<li>Bas\u0131n ve yay\u0131n faaliyetlerinin y\u00fcr\u00fct\u00fclmesi<\/li>\n\n<li>Sanatsal etkinlik, faaliyet vb. hususlarda \u00e7al\u0131\u015fmalar\u0131n yap\u0131lmas\u0131<\/li>\n\n<li>Hizmet ve y\u00f6netim kalitesinin artt\u0131r\u0131lmas\u0131 ve bu kapsamda \u00e7al\u0131\u015fmalar\u0131n yap\u0131lmas\u0131<\/li><\/ol><p>VER\u0130 SORUMLUSU, ki\u015fisel verilerin hukuka ayk\u0131r\u0131 olarak i\u015flenmesinin ve verilere hukuka ayk\u0131r\u0131 olarak eri\u015filmesinin \u00f6nlenmesi ve ki\u015fisel verilerin g\u00fcvenli bir \u015fekilde muhafaza edilmesi amac\u0131yla gerekli hukuki, teknik ve idari tedbirleri en \u00fcst seviyede, kanunda belirtilen ilkeler do\u011frultusunda i\u015flemeye gayret g\u00f6stermektedir.<\/p><p><strong>3.K\u0130\u015e\u0130SEL VER\u0130LEN PAYLA\u015eILMASI VE AKTARILMASI<\/strong><\/p><p>\u00c7al\u0131\u015fanlar, \u00e7al\u0131\u015fan adaylar\u0131, stajyer, habere konu ki\u015fi, potansiyel \u00fcr\u00fcn veya hizmet al\u0131c\u0131s\u0131, \u00fcr\u00fcn veya hizmet al\u0131c\u0131s\u0131, tedarik\u00e7i \u00e7al\u0131\u015fan\u0131, tedarik\u00e7i yetkilisi, veli\/vasi\/temsilci, ziyaret\u00e7i ve di\u011fer vatanda\u015flardan toplanan ki\u015fisel veriler, Kanun\u2019un 8. ve 9. maddelerinde belirtilen \u015fartlar \u00e7er\u00e7evesinde VER\u0130 SORUMLUSU\u2019nun tedarik\u00e7ileri, hizmet sa\u011flay\u0131c\u0131lar\u0131, veri i\u015fleyenleri ve yasal olarak yetkili kurum ve kurulu\u015flar ile, ilgili mevzuatlar \u00e7er\u00e7evesinde, ki\u015fisel veri i\u015fleme \u015fartlar\u0131 ve ama\u00e7lar\u0131 do\u011frultusunda payla\u015f\u0131labilecektir.<\/p><p>VER\u0130 SORUMLUSU, ki\u015fisel verilerin payla\u015f\u0131lmas\u0131 halinde gerekli idari ve teknik tedbirleri, t\u00fcm g\u00fcvenlik \u00f6nlemlerini almaya \u00f6zen g\u00f6stermektedir. Ayr\u0131ca VER\u0130 SORUMLUSU ISO 27001 Bilgi G\u00fcvenli\u011fi Y\u00f6netim Sistemi ve di\u011fer bilgi ve veri g\u00fcvenli\u011fine ili\u015fkin \u00e7al\u0131\u015fmalar ger\u00e7ekle\u015ftirmektedir. VER\u0130 SORUMLUSU verilerinizin aktar\u0131lmas\u0131 ve payla\u015f\u0131lmas\u0131 hususunda dikkat ve \u00f6zen y\u00fck\u00fcml\u00fcl\u00fc\u011f\u00fcne uymakta, verilerinize ve g\u00fcvenli\u011fine de\u011fer vermektedir.<\/p><p><strong>4.K\u0130\u015e\u0130SEL VER\u0130 TOPLAMA Y\u00d6NTEM\u0130 VE HUKUK\u0130 SEBEB\u0130<\/strong><\/p><p>VER\u0130 SORUMLUSU ki\u015fisel verileri, her t\u00fcrl\u00fc i\u015fitsel, yaz\u0131l\u0131, g\u00f6rsel ve elektronik ortamda ve i\u015fbu ayd\u0131nlatma metninde belirtilen ama\u00e7lar \u00e7er\u00e7evesinde, VER\u0130 SORUMLUSU\u2019nun sunmu\u015f oldu\u011fu hizmetlerin yasalara ve ilgili mevzuata uygun olarak sunulabilmesi ve yine VER\u0130 SORUMLUSU\u2019nun s\u00f6zle\u015fme ve yasalardan do\u011fan y\u00fck\u00fcml\u00fcl\u00fcklerini eksiksiz olarak yerine getirebilmesi, i\u015f faaliyetlerinin y\u00fcr\u00fct\u00fclmesi gibi bir\u00e7ok hukuki sebebe dayal\u0131 olarak toplamakta, Kanun\u2019da belirtilen \u015fartlara uygun olarak i\u015flemektedir. Hukuki sebepler \u015fu \u015fekildedir;<\/p><ul class=\"wp-block-list\"><li>\u0130lgili ki\u015finin a\u00e7\u0131k r\u0131zas\u0131n\u0131n varl\u0131\u011f\u0131,<\/li>\n\n<li>Kanunlarda a\u00e7\u0131k\u00e7a \u00f6ng\u00f6r\u00fclmesi,<\/li>\n\n<li>Fiili imk\u00e2ns\u0131zl\u0131k nedeniyle r\u0131zas\u0131n\u0131 a\u00e7\u0131klayamayacak durumda bulunan veya r\u0131zas\u0131na hukuki ge\u00e7erlilik tan\u0131nmayan ki\u015finin kendisinin ya da bir ba\u015fkas\u0131n\u0131n hayat\u0131 veya beden b\u00fct\u00fcnl\u00fc\u011f\u00fcn\u00fcn korunmas\u0131 i\u00e7in zorunlu olmas\u0131,<\/li>\n\n<li>Bir s\u00f6zle\u015fmenin kurulmas\u0131 veya ifas\u0131yla do\u011fudan do\u011fruya ilgili olmas\u0131 kayd\u0131yla s\u00f6zle\u015fmenin taraflar\u0131na ait ki\u015fisel verilerin i\u015flenmesinin gerekli olmas\u0131,<\/li>\n\n<li>Veri sorumlusunun hukuki y\u00fck\u00fcml\u00fcl\u00fc\u011f\u00fcn\u00fc yerine getirebilmesi i\u00e7in zorunlu olmas\u0131,<\/li>\n\n<li>\u0130lgili ki\u015finin kendisi taraf\u0131ndan alenile\u015ftirilmi\u015f olmas\u0131,<\/li>\n\n<li>Bir hakk\u0131n tesisi, kullan\u0131lmas\u0131 veya korunmas\u0131 i\u00e7in veri i\u015flemenin zorunlu olmas\u0131,<\/li>\n\n<li>\u0130lgili ki\u015finin temek hak ve \u00f6zg\u00fcrl\u00fcklerine zarar vermemek kayd\u0131yla, veri sorumlusunun me\u015fru menfaatleri i\u00e7in veri i\u015flenmesinin zorunlu olmas\u0131<\/li><\/ul><p><strong>5.K\u0130\u015e\u0130SEL VER\u0130 SAH\u0130PLER\u0130N\u0130N HAKLARI VE HAKLARIN KORUNMASI<\/strong><\/p><p>Ki\u015fisel veri sahipleri Kanun\u2019un 11. maddesi uyar\u0131nca;<\/p><ol class=\"wp-block-list\"><li>Ki\u015fisel veri i\u015flenip i\u015flenmedi\u011fini \u00f6\u011frenme,<\/li>\n\n<li>Ki\u015fisel verileri i\u015flenmi\u015fse buna ili\u015fkin bilgi talep etme,<\/li>\n\n<li>Ki\u015fisel verilerin i\u015flenme amac\u0131n\u0131 ve bunlar\u0131n amac\u0131na uygun kullan\u0131l\u0131p kullan\u0131lmad\u0131\u011f\u0131n\u0131 \u00f6\u011frenme,<\/li>\n\n<li>Yurt i\u00e7inde veya yurt d\u0131\u015f\u0131nda ki\u015fisel verilerin aktar\u0131ld\u0131\u011f\u0131 \u00fc\u00e7\u00fcnc\u00fc ki\u015fileri bilme,<\/li>\n\n<li>Ki\u015fisel verilerin eksik veya yanl\u0131\u015f i\u015flenmi\u015f olmas\u0131 h\u00e2linde bunlar\u0131n d\u00fczeltilmesini isteme,<\/li>\n\n<li>Kanun\u2019un 7. maddesinde \u00f6ng\u00f6r\u00fclen \u015fartlar \u00e7er\u00e7evesinde ki\u015fisel verilerin silinmesini veya yok edilmesini isteme,<\/li>\n\n<li>5. ve 6. maddeler uyar\u0131nca yap\u0131lan i\u015flemlerin, ki\u015fisel verilerin aktar\u0131ld\u0131\u011f\u0131 \u00fc\u00e7\u00fcnc\u00fc ki\u015filere bildirilmesini isteme,<\/li>\n\n<li>\u0130\u015flenen verilerin m\u00fcnhas\u0131ran otomatik sistemler vas\u0131tas\u0131yla analiz edilmesi suretiyle ki\u015finin kendisi aleyhine bir sonucun ortaya \u00e7\u0131kmas\u0131na itiraz etme,<\/li>\n\n<li>Ki\u015fisel verilerin kanuna ayk\u0131r\u0131 olarak i\u015flenmesi sebebiyle zarara u\u011framas\u0131 h\u00e2linde zarar\u0131n giderilmesini talep etme,<\/li><\/ol><p>haklar\u0131na sahiptir.&nbsp;<\/p><p>S\u00f6z konusu haklar\u0131n kullan\u0131lmas\u0131 i\u00e7in, ki\u015fisel veri sahipleri taraf\u0131ndan VER\u0130 SORUMLUSU\u2019na, yaz\u0131l\u0131 olarak veya Ki\u015fisel Verileri Koruma Kurulu taraf\u0131ndan belirlenecek di\u011fer y\u00f6ntemlerle ba\u015fvurulmas\u0131 halinde, ba\u015fvurular talebin niteli\u011fine g\u00f6re en k\u0131sa zamanda ancak her hal\u00fck\u00e2rda en ge\u00e7 30 g\u00fcn i\u00e7erisinde sonu\u00e7land\u0131r\u0131l\u0131r. VER\u0130 SORUMLUSU\u2019na ba\u015fvuru i\u00e7in adres ve ileti\u015fim bilgileri a\u015fa\u011f\u0131da belirtilmi\u015ftir.<\/p><p><strong>6.\u0130LET\u0130\u015e\u0130M<\/strong><\/p><p>\u0130\u015fbu ayd\u0131nlatma metni kapsam\u0131nda yer alan hususlara ili\u015fkin detayl\u0131 bilgilere T.C. K\u00dcLT\u00dcR VE TUR\u0130ZM BAKANLI\u011eI Ki\u015fisel Verilerin Korunmas\u0131 ve \u0130\u015flenmesi Politikas\u0131ndan ula\u015f\u0131labilmektedir.<\/p><p>Kanun\u2019dan do\u011fan haklar\u0131n\u0131z\u0131 kullanmak i\u00e7in, kimlik bilgilerinizi, kullanmak istedi\u011finiz hakk\u0131 ve talebinizin konusunu anlatan detayl\u0131 a\u00e7\u0131klaman\u0131z\u0131 a\u015fa\u011f\u0131daki linkteki formu doldurarak imzal\u0131 \u015fekilde \u0130SMET \u0130N\u00d6N\u00dc BULVARI NO:32 06100 EMEK ANKARA\/T\u00dcRK\u0130YE adresine ba\u015fvuru formunda belirtilen yollardan birini kullanarak g\u00f6nderebilirsiniz. Ayr\u0131nt\u0131l\u0131 bilgiye ba\u015fvuru formu ve +90 (312) 470 8000 ileti\u015fim hatt\u0131 ile ula\u015fabilirsiniz.<\/p>","protected":false},"excerpt":{"rendered":"<p>KVKK Ayd\u0131nlatma Metni 1.G\u0130R\u0130\u015e \u0130\u015fbu ayd\u0131nlatma metni, 6698 say\u0131l\u0131 Ki\u015fisel Verilerin Korunmas\u0131 Kanununun (\u201cKanun\u201d) 10. maddesi uyar\u0131nca, T.C. K\u00dcLT\u00dcR VE TUR\u0130ZM BAKANLI\u011eI (\u201cVER\u0130 SORUMLUSU\u201d) t\u00fczel ki\u015fili\u011fi, ilgili m\u00fcd\u00fcrl\u00fck ve birimleri ve hizmet merkezlerinde toplanan ki\u015fisel verilerin i\u015flenmesine ili\u015fkin ilgili ki\u015filerin ayd\u0131nlat\u0131lmas\u0131 amac\u0131 ile haz\u0131rlanm\u0131\u015ft\u0131r.&nbsp; VER\u0130 SORUMLUSU, ki\u015fisel verilerin i\u015flenmesi, korunmas\u0131 ve g\u00fcvenli\u011fi hususuna azami hassasiyet<\/p>\n<div class=\"klb-readmore entry-button\"><a class=\"button\" href=\"https:\/\/esfurgida.shop\/?page_id=2361\">Daha fazla bilgi edinin<\/a><\/div>\n","protected":false},"author":1,"featured_media":0,"parent":0,"menu_order":0,"comment_status":"closed","ping_status":"closed","template":"","meta":{"om_disable_all_campaigns":false,"_monsterinsights_skip_tracking":false,"_monsterinsights_sitenote_active":false,"_monsterinsights_sitenote_note":"","_monsterinsights_sitenote_category":0,"footnotes":""},"class_list":["post-2361","page","type-page","status-publish","hentry"],"aioseo_notices":[],"_links":{"self":[{"href":"https:\/\/esfurgida.shop\/index.php?rest_route=\/wp\/v2\/pages\/2361","targetHints":{"allow":["GET"]}}],"collection":[{"href":"https:\/\/esfurgida.shop\/index.php?rest_route=\/wp\/v2\/pages"}],"about":[{"href":"https:\/\/esfurgida.shop\/index.php?rest_route=\/wp\/v2\/types\/page"}],"author":[{"embeddable":true,"href":"https:\/\/esfurgida.shop\/index.php?rest_route=\/wp\/v2\/users\/1"}],"replies":[{"embeddable":true,"href":"https:\/\/esfurgida.shop\/index.php?rest_route=%2Fwp%2Fv2%2Fcomments&post=2361"}],"version-history":[{"count":1,"href":"https:\/\/esfurgida.shop\/index.php?rest_route=\/wp\/v2\/pages\/2361\/revisions"}],"predecessor-version":[{"id":2362,"href":"https:\/\/esfurgida.shop\/index.php?rest_route=\/wp\/v2\/pages\/2361\/revisions\/2362"}],"wp:attachment":[{"href":"https:\/\/esfurgida.shop\/index.php?rest_route=%2Fwp%2Fv2%2Fmedia&parent=2361"}],"curies":[{"name":"wp","href":"https:\/\/api.w.org\/{rel}","templated":true}]}}